at is the hundred millions digit of 543873482?
5
What is the units digit of 598551232?
2
What is the millions digit of 160256837?
0
What is the units digit of 489160168?
8
What is the ten millions digit of 8018080009?
1
What is the ten millions digit of 400558952?
0
What is the ten thousands digit of 4943784864?
8
What is the tens digit of 531854214?
1
What is the hundreds digit of 690871555?
5
What is the ten thousands digit of 1883253508?
5
What is the tens digit of 127256?
5
What is the millions digit of 1231039800?
1
What is the thousands digit of 1416490173?
0
What is the ten millions digit of 13144966?
1
What is the thousands digit of 447543352?
3
What is the hundreds digit of 166007139?
1
What is the hundred thousands digit of 197339459?
3
What is the thousands digit of 877318428?
8
What is the tens digit of 18243096?
9
What is the tens digit of 507332219?
1
What is the hundred millions digit of 299328471?
2
What is the thousands digit of 2720195?
0
What is the ten thousands digit of 348463060?
6
What is the hundreds digit of 672314104?
1
What is the hundreds digit of 898632931?
9
What is the hundred thousands digit of 319946682?
9
What is the units digit of 344228434?
4
What is the ten millions digit of 395134579?
9
What is the hundred thousands digit of 37267999?
2
What is the millions digit of 506223845?
6
What is the hundred millions digit of 1753189410?
7
What is the ten thousands digit of 63880897?
8
What is the thousands digit of 995870546?
0
What is the ten thousands digit of 726441708?
4
What is the millions digit of 6984426254?
4
What is the millions digit of 218385117?
8
What is the ten thousands digit of 70157584?
5
What is the hundred millions digit of 919529314?
9
What is the units digit of 444070192?
2
What is the ten millions digit of 446330883?
4
What is the units digit of 102755551?
1
What is the ten millions digit of 113040284?
1
What is the ten millions digit of 39132168?
3
What is the tens digit of 2575488905?
0
What is the hundred millions digit of 203586277?
2
What is the thousands digit of 2173693020?
3
What is the tens digit of 14068950?
5
What is the millions digit of 341415718?
1
What is the hundreds digit of 259872065?
0
What is the millions digit of 7485961?
7
What is the ten thousands digit of 56034580?
3
What is the thousands digit of 5833831013?
1
What is the millions digit of 40928011?
0
What is the hundred millions digit of 705181113?
7
What is the ten thousands digit of 3689175100?
7
What is the ten thousands digit of 1672678871?
7
What is the thousands digit of 724565848?
5
What is the units digit of 23037123?
3
What is the thousands digit of 5919845310?
5
What is the millions digit of 625098536?
5
What is the tens digit of 326147870?
7
What is the ten thousands digit of 10712990?
1
What is the tens digit of 47985792?
9
What is the thousands digit of 5536137907?
7
What is the hundreds digit of 38527364?
3
What is the tens digit of 566800055?
5
What is the hundred thousands digit of 864460457?
4
What is the millions digit of 72527927?
2
What is the hundreds digit of 300674101?
1
What is the ten thousands digit of 79115495?
1
What is the hundreds digit of 19530235?
2
What is the tens digit of 201146242?
4
What is the units digit of 44793827?
7
What is the hundred thousands digit of 1133689252?
6
What is the thousands digit of 40106797?
6
What is the units digit of 4118505048?
8
What is the thousands digit of 1256396582?
6
What is the hundreds digit of 49951389?
3
What is the ten millions digit of 76695303?
7
What is the hundred millions digit of 257451038?
2
What is the ten thousands digit of 226373396?
7
What is the hundred thousands digit of 15957579?
9
What is the ten millions digit of 93510084?
9
What is the thousands digit of 1157675489?
5
What is the tens digit of 191519005?
0
What is the hundreds digit of 105219240?
2
What is the units digit of 1032621447?
7
What is the hundred thousands digit of 3539425209?
4
What is the hundreds digit of 23323669?
6
What is the millions digit of 3035790484?
5
What is the ten thousands digit of 42267799?
6
What is the hundreds digit of 23470930?
9
What is the hundred thousands digit of 587064646?
0
What is the hundred millions digit of 1886109905?
8
What is the billions digit of 2140733875?
2
What is the hundreds digit of 240310437?
4
What is the units digit of 1358648200?
0
What is the hundred thousands digit of 1480803822?
8
What is the units digit of 1065498135?
5
What is the hundred thousands digit of 4269915705?
9
What is the hundred thousands digit of 55622087?
6
What is the millions digit of 1057111706?
7
What is the units digit of 99317296?
6
What is the hundred millions digit of 332027775?
3
What is the ten millions digit of 156532710?
5
What is the hundred thousands digit of 535213995?
2
What is the ten millions digit of 84619109?
8
What is the hundreds digit of 537928204?
2
What is the hundred thousands digit of 164407336?
4
What is the hundreds digit of 619515299?
2
What is the millions digit of 898804243?
8
What is the ten millions digit of 879779680?
7
What is the millions digit of 748910058?
8
What is the ten thousands digit of 727627146?
2
What is the hundreds digit of 123658465?
4
What is the thousands digit of 1598026123?
6
What is the hundred thousands digit of 94202887?
2
What is the ten millions digit of 115516359?
1
What is the hundred thousands digit of 1022455907?
4
What is the ten millions digit of 120108133?
2
What is the hundred thousands digit of 4515884647?
8
What is the ten thousands digit of 13129498?
2
What is the ten thousands digit of 84197293?
9
What is the millions digit of 106471210?
6
What is the units digit of 51123156?
6
What is the millions digit of 169511610?
9
What is the hundreds digit of 198352841?
8
What is the units digit of 604956893?
3
What is the hundred millions digit of 477896814?
4
What is the units digit of 2283585275?
5
What is the ten thousands digit of 60661836?
6
What is the billions digit of 1701115633?
1
What is the units digit of 82547473?
3
What is the hundreds digit of 75409796?
7
What is the hundred thousands digit of 2284308883?
3
What is the hundred thousands digit of 301827833?
8
What is the hundreds digit of 73084255?
2
What is the tens digit of 24341603?
0
What is the hundreds digit of 74057711?
7
What is the ten thousands digit of 1036163692?
6
What is the ten thousands digit of 134874446?
7
What is the hundreds digit of 1326419950?
9
What is the hundred thousands digit of 613386544?
3
What is the ten thousands digit of 77960223?
6
What is the ten thousands digit of 46299696?
9
What is the tens digit of 3234665259?
5
What is the thousands digit of 86295350?
5
What is the hundred thousands digit of 3389593650?
5
What is the millions digit of 249393596?
9
What is the hundred thousands digit of 228129245?
1
What is the hundreds digit of 58806528?
5
What is the hundred thousands digit of 4667309013?
3
What is the units digit of 149881949?
9
What is the units digit of 44670202?
2
What is the ten millions digit of 1247639988?
4
What is the millions digit of 114603445?
4
What is the ten millions digit of 626798145?
2
What is the hundreds digit of 4812078?
0
What is the thousands digit of 6036318605?
8
What is the ten thousands digit of 6744775?
4
What is the tens digit of 8126413126?
2
What is the hundreds digit of 923238957?
9
What is the millions digit of 272586984?
2
What is the hundred thousands digit of 65371341?
3
What is the ten millions digit of 793555691?
9
What is the ten millions digit of 134398545?
3
What is the ten millions digit of 20687737?
2
What is the hundreds digit of 61308883?
8
What is the ten thousands digit of 15797202?
9
What is the tens digit of 476185109?
0
What is the ten millions digit of 21950410?
2
What is the ten millions digit of 428170498?
2
What is the ten thousands digit of 453495615?
9
What is the hundreds digit of 7614556853?
8
What is the units digit of 39080444?
4
What is the ten thousands digit of 122676787?
7
What is the thousands digit of 54038968?
8
What is the ten thousands digit of 3015221310?
2
What is the ten thousands digit of 9892968?
9
What is the ten thousands digit of 149073185?
7
What is the billions digit of 8029331108?
8
What is the tens dig